{"id":4669,"date":"2026-09-03T14:20:40","date_gmt":"2026-09-03T14:20:40","guid":{"rendered":"https:\/\/recursoscid.udd.cl\/?post_type=investigaciones&#038;p=4669"},"modified":"2026-09-03T14:20:40","modified_gmt":"2026-09-03T14:20:40","slug":"diseno-y-validacion-del-cuestionario-de-practicas-de-ensenanza-de-escritura-academica","status":"publish","type":"investigaciones","link":"https:\/\/recursoscid.udd.cl\/?investigaciones=diseno-y-validacion-del-cuestionario-de-practicas-de-ensenanza-de-escritura-academica","title":{"rendered":"Dise\u00f1o y validaci\u00f3n del cuestionario de pr\u00e1cticas de ense\u00f1anza de escritura acad\u00e9mica"},"content":{"rendered":"\t\t<div data-elementor-type=\"wp-post\" data-elementor-id=\"4669\" class=\"elementor elementor-4669\">\n\t\t\t\t\t\t<section class=\"elementor-section elementor-top-section elementor-element elementor-element-506d97fa elementor-section-stretched elementor-section-boxed elementor-section-height-default elementor-section-height-default\" data-id=\"506d97fa\" data-element_type=\"section\" data-e-type=\"section\" data-settings=\"{&quot;stretch_section&quot;:&quot;section-stretched&quot;}\">\n\t\t\t\t\t\t<div class=\"elementor-container elementor-column-gap-default\">\n\t\t\t\t\t<div class=\"elementor-column elementor-col-66 elementor-top-column elementor-element elementor-element-69fb805c\" data-id=\"69fb805c\" data-element_type=\"column\" data-e-type=\"column\">\n\t\t\t<div class=\"elementor-widget-wrap elementor-element-populated\">\n\t\t\t\t\t\t<div class=\"elementor-element elementor-element-6e559d10 elementor-widget elementor-widget-text-editor\" data-id=\"6e559d10\" data-element_type=\"widget\" data-e-type=\"widget\" data-widget_type=\"text-editor.default\">\n\t\t\t\t<div class=\"elementor-widget-container\">\n\t\t\t\t\t\t\t\t\t<p>Esta investigaci\u00f3n aborda el dise\u00f1o y validaci\u00f3n de un cuestionario orientado a estudiar pr\u00e1cticas de ense\u00f1anza de la escritura acad\u00e9mica y las representaciones sociales que las sustentan. El trabajo considera distintas \u00e1reas disciplinares y aporta herramientas para comprender la ense\u00f1anza de la escritura en educaci\u00f3n superior.<\/p>\t\t\t\t\t\t\t\t<\/div>\n\t\t\t\t<\/div>\n\t\t\t\t\t<\/div>\n\t\t<\/div>\n\t\t\t\t<div class=\"elementor-column elementor-col-33 elementor-top-column elementor-element elementor-element-5466649c\" data-id=\"5466649c\" data-element_type=\"column\" data-e-type=\"column\">\n\t\t\t<div class=\"elementor-widget-wrap elementor-element-populated\">\n\t\t\t\t\t\t<div class=\"elementor-element elementor-element-462e2cdc elementor-view-stacked elementor-shape-circle elementor-position-block-start elementor-mobile-position-block-start elementor-widget elementor-widget-icon-box\" data-id=\"462e2cdc\" data-element_type=\"widget\" data-e-type=\"widget\" data-widget_type=\"icon-box.default\">\n\t\t\t\t<div class=\"elementor-widget-container\">\n\t\t\t\t\t\t\t<div class=\"elementor-icon-box-wrapper\">\n\n\t\t\t\t\t\t<div class=\"elementor-icon-box-icon\">\n\t\t\t\t<a href=\"https:\/\/doi.org\/10.9781\/rep.2025.393\" target=\"_blank\" class=\"elementor-icon\" tabindex=\"-1\" aria-label=\"Ver publicaci\u00f3n\">\n\t\t\t\t<i class=\"fa fa-file-pdf-o\" aria-hidden=\"true\"><\/i>\t\t\t\t<\/a>\n\t\t\t<\/div>\n\t\t\t\n\t\t\t\t\t\t<div class=\"elementor-icon-box-content\">\n\n\t\t\t\t\t\t\t\t\t<h6 class=\"elementor-icon-box-title\">\n\t\t\t\t\t\t<a href=\"https:\/\/doi.org\/10.9781\/rep.2025.393\" target=\"_blank\" >\n\t\t\t\t\t\t\tVer publicaci\u00f3n\t\t\t\t\t\t<\/a>\n\t\t\t\t\t<\/h6>\n\t\t\t\t\n\t\t\t\t\n\t\t\t<\/div>\n\t\t\t\n\t\t<\/div>\n\t\t\t\t\t\t<\/div>\n\t\t\t\t<\/div>\n\t\t\t\t\t<\/div>\n\t\t<\/div>\n\t\t\t\t\t<\/div>\n\t\t<\/section>\n\t\t\t\t<section class=\"elementor-section elementor-top-section elementor-element elementor-element-1b26aeb1 elementor-section-stretched elementor-section-boxed elementor-section-height-default elementor-section-height-default\" data-id=\"1b26aeb1\" data-element_type=\"section\" data-e-type=\"section\" data-settings=\"{&quot;stretch_section&quot;:&quot;section-stretched&quot;}\">\n\t\t\t\t\t\t<div class=\"elementor-container elementor-column-gap-default\">\n\t\t\t\t\t<div class=\"elementor-column elementor-col-66 elementor-top-column elementor-element elementor-element-671d01b3\" data-id=\"671d01b3\" data-element_type=\"column\" data-e-type=\"column\">\n\t\t\t<div class=\"elementor-widget-wrap elementor-element-populated\">\n\t\t\t\t\t\t<div class=\"elementor-element elementor-element-14edf501 elementor-widget elementor-widget-accordion\" data-id=\"14edf501\" data-element_type=\"widget\" data-e-type=\"widget\" data-widget_type=\"accordion.default\">\n\t\t\t\t<div class=\"elementor-widget-container\">\n\t\t\t\t\t\t\t<div class=\"elementor-accordion\">\n\t\t\t\t\t\t\t<div class=\"elementor-accordion-item\">\n\t\t\t\t\t<div id=\"elementor-tab-title-3511\" class=\"elementor-tab-title\" data-tab=\"1\" role=\"button\" aria-controls=\"elementor-tab-content-3511\" aria-expanded=\"false\">\n\t\t\t\t\t\t\t\t\t\t\t\t\t<span class=\"elementor-accordion-icon elementor-accordion-icon-left\" aria-hidden=\"true\">\n\t\t\t\t\t\t\t\t\t\t\t\t\t\t\t<i class=\"elementor-accordion-icon-closed fa fa-plus\"><\/i>\n\t\t\t\t\t\t\t\t<i class=\"elementor-accordion-icon-opened fa fa-minus\"><\/i>\n\t\t\t\t\t\t\t\t\t\t\t\t\t\t<\/span>\n\t\t\t\t\t\t\t\t\t\t\t\t<a class=\"elementor-accordion-title\" tabindex=\"0\">Informaci\u00f3n del proyecto<\/a>\n\t\t\t\t\t<\/div>\n\t\t\t\t\t<div id=\"elementor-tab-content-3511\" class=\"elementor-tab-content elementor-clearfix\" data-tab=\"1\" role=\"region\" aria-labelledby=\"elementor-tab-title-3511\"><p>Investigadora principal: Dra. Mar\u00eda Ver\u00f3nica Strocchi<br>Co-investigadores: Dra. M\u00f3nica Tapia-Ladino; Pablo Fuentealba-Carrasco<br>Facultad: Vicerrectoria Acad\u00e9mica<br>Carrera: Direcci\u00f3n de Formaci\u00f3n Extradisciplinar<br>Sede: Concepci\u00f3n<br>Publicado en: Revista Espa\u00f1ola de Pedagog\u00eda<br>Referencia: Strocchi, M. V., Tapia-Ladino, M. y Fuentealba-Carrasco, P. (2025). Dise\u00f1o y validaci\u00f3n del cuestionario pr\u00e1cticas de ense\u00f1anza de la escritura acad\u00e9mica. Revista Espa\u00f1ola de Pedagog\u00eda, 83(292), 591-607.<br>DOI: https:\/\/doi.org\/10.9781\/rep.2025.393<br>Periodo de adjudicaci\u00f3n: 2022-2<\/p><\/div>\n\t\t\t\t<\/div>\n\t\t\t\t\t\t\t<div class=\"elementor-accordion-item\">\n\t\t\t\t\t<div id=\"elementor-tab-title-3512\" class=\"elementor-tab-title\" data-tab=\"2\" role=\"button\" aria-controls=\"elementor-tab-content-3512\" aria-expanded=\"false\">\n\t\t\t\t\t\t\t\t\t\t\t\t\t<span class=\"elementor-accordion-icon elementor-accordion-icon-left\" aria-hidden=\"true\">\n\t\t\t\t\t\t\t\t\t\t\t\t\t\t\t<i class=\"elementor-accordion-icon-closed fa fa-plus\"><\/i>\n\t\t\t\t\t\t\t\t<i class=\"elementor-accordion-icon-opened fa fa-minus\"><\/i>\n\t\t\t\t\t\t\t\t\t\t\t\t\t\t<\/span>\n\t\t\t\t\t\t\t\t\t\t\t\t<a class=\"elementor-accordion-title\" tabindex=\"0\">Objetivos<\/a>\n\t\t\t\t\t<\/div>\n\t\t\t\t\t<div id=\"elementor-tab-content-3512\" class=\"elementor-tab-content elementor-clearfix\" data-tab=\"2\" role=\"region\" aria-labelledby=\"elementor-tab-title-3512\"><p>Analizar las pr\u00e1cticas de ense\u00f1anza de la escritura acad\u00e9mica y las representaciones sociales que las sustentan, en diferentes \u00e1reas disciplinares (Ingenier\u00eda y Tecnolog\u00eda, Ciencias M\u00e9dicas y de Salud, Ciencias Sociales y Humanidades), en una universidad de la regi\u00f3n del Biob\u00edo durante los a\u00f1os 2022 y 2023.<\/p><\/div>\n\t\t\t\t<\/div>\n\t\t\t\t\t\t\t<div class=\"elementor-accordion-item\">\n\t\t\t\t\t<div id=\"elementor-tab-title-3513\" class=\"elementor-tab-title\" data-tab=\"3\" role=\"button\" aria-controls=\"elementor-tab-content-3513\" aria-expanded=\"false\">\n\t\t\t\t\t\t\t\t\t\t\t\t\t<span class=\"elementor-accordion-icon elementor-accordion-icon-left\" aria-hidden=\"true\">\n\t\t\t\t\t\t\t\t\t\t\t\t\t\t\t<i class=\"elementor-accordion-icon-closed fa fa-plus\"><\/i>\n\t\t\t\t\t\t\t\t<i class=\"elementor-accordion-icon-opened fa fa-minus\"><\/i>\n\t\t\t\t\t\t\t\t\t\t\t\t\t\t<\/span>\n\t\t\t\t\t\t\t\t\t\t\t\t<a class=\"elementor-accordion-title\" tabindex=\"0\">Metodolog\u00eda<\/a>\n\t\t\t\t\t<\/div>\n\t\t\t\t\t<div id=\"elementor-tab-content-3513\" class=\"elementor-tab-content elementor-clearfix\" data-tab=\"3\" role=\"region\" aria-labelledby=\"elementor-tab-title-3513\"><p>El estudio analiza pr\u00e1cticas de ense\u00f1anza y representaciones sociales asociadas a la escritura acad\u00e9mica en distintas \u00e1reas disciplinares, utilizando el dise\u00f1o y validaci\u00f3n de un cuestionario como instrumento principal de investigaci\u00f3n.<\/p><\/div>\n\t\t\t\t<\/div>\n\t\t\t\t\t\t\t\t<\/div>\n\t\t\t\t\t\t<\/div>\n\t\t\t\t<\/div>\n\t\t\t\t\t<\/div>\n\t\t<\/div>\n\t\t\t\t<div class=\"elementor-column elementor-col-33 elementor-top-column elementor-element elementor-element-1abe0ea5\" data-id=\"1abe0ea5\" data-element_type=\"column\" data-e-type=\"column\">\n\t\t\t<div class=\"elementor-widget-wrap elementor-element-populated\">\n\t\t\t\t\t\t<div class=\"elementor-element elementor-element-9d40069 elementor-arrows-position-inside elementor-pagination-position-outside elementor-widget elementor-widget-image-carousel\" data-id=\"9d40069\" data-element_type=\"widget\" data-e-type=\"widget\" data-settings=\"{&quot;slides_to_show&quot;:&quot;1&quot;,&quot;navigation&quot;:&quot;both&quot;,&quot;autoplay&quot;:&quot;yes&quot;,&quot;pause_on_hover&quot;:&quot;yes&quot;,&quot;pause_on_interaction&quot;:&quot;yes&quot;,&quot;autoplay_speed&quot;:5000,&quot;infinite&quot;:&quot;yes&quot;,&quot;effect&quot;:&quot;slide&quot;,&quot;speed&quot;:500}\" data-widget_type=\"image-carousel.default\">\n\t\t\t\t<div class=\"elementor-widget-container\">\n\t\t\t\t\t\t\t<div class=\"elementor-image-carousel-wrapper swiper\" role=\"region\" aria-roledescription=\"carousel\" aria-label=\"Carrusel de im\u00e1genes\" dir=\"ltr\">\n\t\t\t<div class=\"elementor-image-carousel swiper-wrapper\" aria-live=\"off\">\n\t\t\t\t\t\t\t\t<div class=\"swiper-slide\" role=\"group\" aria-roledescription=\"slide\" aria-label=\"1 de 1\"><figure class=\"swiper-slide-inner\"><img decoding=\"async\" class=\"swiper-slide-image\" src=\"https:\/\/recursoscid.udd.cl\/wp-content\/uploads\/2026\/09\/veronica-strocchi-imagen-destacada-768x432.jpg\" alt=\"Imagen abstracta sobre escritura acad\u00e9mica, pr\u00e1cticas de ense\u00f1anza y validaci\u00f3n de cuestionarios\" \/><\/figure><\/div>\t\t\t<\/div>\n\t\t\t\t\t<\/div>\n\t\t\t\t\t\t<\/div>\n\t\t\t\t<\/div>\n\t\t\t\t\t<\/div>\n\t\t<\/div>\n\t\t\t\t\t<\/div>\n\t\t<\/section>\n\t\t\t\t<\/div>\n\t\t","protected":false},"excerpt":{"rendered":"<p>Esta investigaci\u00f3n aborda el dise\u00f1o y validaci\u00f3n de un cuestionario orientado a estudiar pr\u00e1cticas de ense\u00f1anza de la escritura acad\u00e9mica y las representaciones sociales que las sustentan. El trabajo considera [&hellip;]<\/p>\n","protected":false},"author":1,"featured_media":4675,"menu_order":0,"comment_status":"closed","ping_status":"open","template":"","format":"standard","meta":{"footnotes":""},"categories":[35,30],"tags":[],"class_list":["post-4669","investigaciones","type-investigaciones","status-publish","format-standard","has-post-thumbnail","hentry","category-35","category-investigacion"],"_links":{"self":[{"href":"https:\/\/recursoscid.udd.cl\/index.php?rest_route=\/wp\/v2\/investigaciones\/4669","targetHints":{"allow":["GET"]}}],"collection":[{"href":"https:\/\/recursoscid.udd.cl\/index.php?rest_route=\/wp\/v2\/investigaciones"}],"about":[{"href":"https:\/\/recursoscid.udd.cl\/index.php?rest_route=\/wp\/v2\/types\/investigaciones"}],"author":[{"embeddable":true,"href":"https:\/\/recursoscid.udd.cl\/index.php?rest_route=\/wp\/v2\/users\/1"}],"replies":[{"embeddable":true,"href":"https:\/\/recursoscid.udd.cl\/index.php?rest_route=%2Fwp%2Fv2%2Fcomments&post=4669"}],"version-history":[{"count":7,"href":"https:\/\/recursoscid.udd.cl\/index.php?rest_route=\/wp\/v2\/investigaciones\/4669\/revisions"}],"predecessor-version":[{"id":4700,"href":"https:\/\/recursoscid.udd.cl\/index.php?rest_route=\/wp\/v2\/investigaciones\/4669\/revisions\/4700"}],"wp:featuredmedia":[{"embeddable":true,"href":"https:\/\/recursoscid.udd.cl\/index.php?rest_route=\/wp\/v2\/media\/4675"}],"wp:attachment":[{"href":"https:\/\/recursoscid.udd.cl\/index.php?rest_route=%2Fwp%2Fv2%2Fmedia&parent=4669"}],"wp:term":[{"taxonomy":"category","embeddable":true,"href":"https:\/\/recursoscid.udd.cl\/index.php?rest_route=%2Fwp%2Fv2%2Fcategories&post=4669"},{"taxonomy":"post_tag","embeddable":true,"href":"https:\/\/recursoscid.udd.cl\/index.php?rest_route=%2Fwp%2Fv2%2Ftags&post=4669"}],"curies":[{"name":"wp","href":"https:\/\/api.w.org\/{rel}","templated":true}]}}

Diseño y validación del cuestionario de prácticas de enseñanza de escritura académica

<div data-elementor-type="wp-post" data-elementor-id="4669" class="elementor elementor-4669">
						<section class="elementor-section elementor-top-section elementor-element elementor-element-506d97fa elementor-section-stretched elementor-section-boxed elementor-section-height-default elementor-section-height-default" data-id="506d97fa" data-element_type="section" data-e-type="section" data-settings="{&quot;stretch_section&quot;:&quot;section-stretched&quot;}">
						<div class="elementor-container elementor-column-gap-default">
					<div class="elementor-column elementor-col-66 elementor-top-column elementor-element elementor-element-69fb805c" data-id="69fb805c" data-element_type="column" data-e-type="column">
			<div class="elementor-widget-wrap elementor-element-populated">
						<div class="elementor-element elementor-element-6e559d10 elementor-widget elementor-widget-text-editor" data-id="6e559d10" data-element_type="widget" data-e-type="widget" data-widget_type="text-editor.default">
				<div class="elementor-widget-container">
									<p>Esta investigación aborda el diseño y validación de un cuestionario orientado a estudiar prácticas de enseñanza de la escritura académica y las representaciones sociales que las sustentan. El trabajo considera distintas áreas disciplinares y aporta herramientas para comprender la enseñanza de la escritura en educación superior.</p>								</div>
				</div>
					</div>
		</div>
				<div class="elementor-column elementor-col-33 elementor-top-column elementor-element elementor-element-5466649c" data-id="5466649c" data-element_type="column" data-e-type="column">
			<div class="elementor-widget-wrap elementor-element-populated">
						<div class="elementor-element elementor-element-462e2cdc elementor-view-stacked elementor-shape-circle elementor-position-block-start elementor-mobile-position-block-start elementor-widget elementor-widget-icon-box" data-id="462e2cdc" data-element_type="widget" data-e-type="widget" data-widget_type="icon-box.default">
				<div class="elementor-widget-container">
							<div class="elementor-icon-box-wrapper">

						<div class="elementor-icon-box-icon">
				<a href="https://doi.org/10.9781/rep.2025.393" target="_blank" class="elementor-icon" tabindex="-1" aria-label="Ver publicación">
				<i class="fa fa-file-pdf-o" aria-hidden="true"></i>				</a>
			</div>
			
						<div class="elementor-icon-box-content">

									<h6 class="elementor-icon-box-title">
						<a href="https://doi.org/10.9781/rep.2025.393" target="_blank" >
							Ver publicación						</a>
					</h6>
				
				
			</div>
			
		</div>
						</div>
				</div>
					</div>
		</div>
					</div>
		</section>
				<section class="elementor-section elementor-top-section elementor-element elementor-element-1b26aeb1 elementor-section-stretched elementor-section-boxed elementor-section-height-default elementor-section-height-default" data-id="1b26aeb1" data-element_type="section" data-e-type="section" data-settings="{&quot;stretch_section&quot;:&quot;section-stretched&quot;}">
						<div class="elementor-container elementor-column-gap-default">
					<div class="elementor-column elementor-col-66 elementor-top-column elementor-element elementor-element-671d01b3" data-id="671d01b3" data-element_type="column" data-e-type="column">
			<div class="elementor-widget-wrap elementor-element-populated">
						<div class="elementor-element elementor-element-14edf501 elementor-widget elementor-widget-accordion" data-id="14edf501" data-element_type="widget" data-e-type="widget" data-widget_type="accordion.default">
				<div class="elementor-widget-container">
							<div class="elementor-accordion">
							<div class="elementor-accordion-item">
					<div id="elementor-tab-title-3511" class="elementor-tab-title" data-tab="1" role="button" aria-controls="elementor-tab-content-3511" aria-expanded="false">
													<span class="elementor-accordion-icon elementor-accordion-icon-left" aria-hidden="true">
															<i class="elementor-accordion-icon-closed fa fa-plus"></i>
								<i class="elementor-accordion-icon-opened fa fa-minus"></i>
														</span>
												<a class="elementor-accordion-title" tabindex="0">Información del proyecto</a>
					</div>
					<div id="elementor-tab-content-3511" class="elementor-tab-content elementor-clearfix" data-tab="1" role="region" aria-labelledby="elementor-tab-title-3511"><p>Investigadora principal: Dra. María Verónica Strocchi<br>Co-investigadores: Dra. Mónica Tapia-Ladino; Pablo Fuentealba-Carrasco<br>Facultad: Vicerrectoria Académica<br>Carrera: Dirección de Formación Extradisciplinar<br>Sede: Concepción<br>Publicado en: Revista Española de Pedagogía<br>Referencia: Strocchi, M. V., Tapia-Ladino, M. y Fuentealba-Carrasco, P. (2025). Diseño y validación del cuestionario prácticas de enseñanza de la escritura académica. Revista Española de Pedagogía, 83(292), 591-607.<br>DOI: https://doi.org/10.9781/rep.2025.393<br>Periodo de adjudicación: 2022-2</p></div>
				</div>
							<div class="elementor-accordion-item">
					<div id="elementor-tab-title-3512" class="elementor-tab-title" data-tab="2" role="button" aria-controls="elementor-tab-content-3512" aria-expanded="false">
													<span class="elementor-accordion-icon elementor-accordion-icon-left" aria-hidden="true">
															<i class="elementor-accordion-icon-closed fa fa-plus"></i>
								<i class="elementor-accordion-icon-opened fa fa-minus"></i>
														</span>
												<a class="elementor-accordion-title" tabindex="0">Objetivos</a>
					</div>
					<div id="elementor-tab-content-3512" class="elementor-tab-content elementor-clearfix" data-tab="2" role="region" aria-labelledby="elementor-tab-title-3512"><p>Analizar las prácticas de enseñanza de la escritura académica y las representaciones sociales que las sustentan, en diferentes áreas disciplinares (Ingeniería y Tecnología, Ciencias Médicas y de Salud, Ciencias Sociales y Humanidades), en una universidad de la región del Biobío durante los años 2022 y 2023.</p></div>
				</div>
							<div class="elementor-accordion-item">
					<div id="elementor-tab-title-3513" class="elementor-tab-title" data-tab="3" role="button" aria-controls="elementor-tab-content-3513" aria-expanded="false">
													<span class="elementor-accordion-icon elementor-accordion-icon-left" aria-hidden="true">
															<i class="elementor-accordion-icon-closed fa fa-plus"></i>
								<i class="elementor-accordion-icon-opened fa fa-minus"></i>
														</span>
												<a class="elementor-accordion-title" tabindex="0">Metodología</a>
					</div>
					<div id="elementor-tab-content-3513" class="elementor-tab-content elementor-clearfix" data-tab="3" role="region" aria-labelledby="elementor-tab-title-3513"><p>El estudio analiza prácticas de enseñanza y representaciones sociales asociadas a la escritura académica en distintas áreas disciplinares, utilizando el diseño y validación de un cuestionario como instrumento principal de investigación.</p></div>
				</div>
								</div>
						</div>
				</div>
					</div>
		</div>
				<div class="elementor-column elementor-col-33 elementor-top-column elementor-element elementor-element-1abe0ea5" data-id="1abe0ea5" data-element_type="column" data-e-type="column">
			<div class="elementor-widget-wrap elementor-element-populated">
						<div class="elementor-element elementor-element-9d40069 elementor-arrows-position-inside elementor-pagination-position-outside elementor-widget elementor-widget-image-carousel" data-id="9d40069" data-element_type="widget" data-e-type="widget" data-settings="{&quot;slides_to_show&quot;:&quot;1&quot;,&quot;navigation&quot;:&quot;both&quot;,&quot;autoplay&quot;:&quot;yes&quot;,&quot;pause_on_hover&quot;:&quot;yes&quot;,&quot;pause_on_interaction&quot;:&quot;yes&quot;,&quot;autoplay_speed&quot;:5000,&quot;infinite&quot;:&quot;yes&quot;,&quot;effect&quot;:&quot;slide&quot;,&quot;speed&quot;:500}" data-widget_type="image-carousel.default">
				<div class="elementor-widget-container">
							<div class="elementor-image-carousel-wrapper swiper" role="region" aria-roledescription="carousel" aria-label="Carrusel de imágenes" dir="ltr">
			<div class="elementor-image-carousel swiper-wrapper" aria-live="off">
								<div class="swiper-slide" role="group" aria-roledescription="slide" aria-label="1 de 1"><figure class="swiper-slide-inner"><img decoding="async" class="swiper-slide-image" src="https://recursoscid.udd.cl/wp-content/uploads/2026/09/veronica-strocchi-imagen-destacada-768x432.jpg" alt="Imagen abstracta sobre escritura académica, prácticas de enseñanza y validación de cuestionarios" /></figure></div>			</div>
					</div>
						</div>
				</div>
					</div>
		</div>
					</div>
		</section>
				</div>

<p>Esta investigación aborda el diseño y validación de un cuestionario orientado a estudiar prácticas de enseñanza de la escritura académica y las representaciones sociales que las sustentan. El trabajo considera [&hellip;]</p>
